{"id":512,"date":"2021-08-23T19:45:12","date_gmt":"2021-08-23T23:45:12","guid":{"rendered":"http:\/\/vps1.facyt.uc.edu.ve\/web\/?page_id=512"},"modified":"2026-01-28T09:36:29","modified_gmt":"2026-01-28T13:36:29","slug":"recepcion-de-credenciales","status":"publish","type":"page","link":"https:\/\/www.facyt.uc.edu.ve\/web\/recepcion-de-credenciales\/","title":{"rendered":"Recepcion de Credenciales"},"content":{"rendered":"<div class=\"wpb-content-wrapper\"><p>[vc_row][vc_column][vc_column_text css=\u00bb\u00bb]<\/p>\n<h2 style=\"text-align: center;\" data-renderer-start-pos=\"85\"><strong data-renderer-mark=\"true\">RECEPCI\u00d3N DE CREDENCIALES A\u00d1O 2025<\/strong><\/h2>\n<h2 style=\"text-align: center;\" data-renderer-start-pos=\"85\"><strong data-renderer-mark=\"true\">(PR\u00d3RROGA)<\/strong><\/h2>\n<h2 style=\"text-align: center;\"><strong>Para los siguientes programas:<\/strong><\/h2>\n<h3 style=\"text-align: center;\"><a href=\"https:\/\/www.facyt.uc.edu.ve\/web\/doctorado-en-quimica-tecnologica\/\"><strong>DOCTORADO EN QU\u00cdMICA TECNOL\u00d3GICA<\/strong><\/a><\/h3>\n<h3 style=\"text-align: center;\"><a href=\"https:\/\/www.facyt.uc.edu.ve\/web\/maestria-en-matematicas-aplicadas\/\"><strong>MAESTR\u00cdA EN MATEM\u00c1TICAS APLICADAS<\/strong><\/a><\/h3>\n<h3 style=\"text-align: center;\"><a href=\"https:\/\/www.facyt.uc.edu.ve\/web\/especializacion-desarrollo-de-software\/\"><strong>ESPECIALIZACI\u00d3N EN DESARROLLO DE SOFTWARE<\/strong><\/a><\/h3>\n<p>&nbsp;<\/p>\n<h4 style=\"text-align: justify;\" data-renderer-start-pos=\"132\">SE LE INFORMA A LOS PROFESIONALES UNIVERSITARIOS INTERESADOS EN INICIAR ESTUDIOS DE POSTGRADO EN ESTA FACULTAD, EL PROCESO DE SELECCI\u00d3N DE ASPIRANTES PARA LA COHORTE 2025, SE REALIZAR\u00c1 SEG\u00daN EL SIGUIENTE CRONOGRAMA:<\/h4>\n<p style=\"text-align: justify;\" data-renderer-start-pos=\"349\">ADMISI\u00d3N:<\/p>\n<ul class=\"ak-ul\" style=\"text-align: justify;\" data-indent-level=\"1\">\n<li>\n<p data-renderer-start-pos=\"362\"><strong data-renderer-mark=\"true\">RECEPCI\u00d3N<\/strong> <strong data-renderer-mark=\"true\">DE<\/strong> <strong data-renderer-mark=\"true\">DOCUMENTOS (PR\u00d3RROGA)<\/strong>: desde el 20 de enero al 20 de febrero de 2026<\/p>\n<\/li>\n<li>\n<p data-renderer-start-pos=\"447\">Se recibir\u00e1n los documentos en f\u00edsico en horario de 9:00 a.m. a 11:00 a.m.<\/p>\n<\/li>\n<li>\n<p data-renderer-start-pos=\"523\">Los documentos que se env\u00eden por correo, deber\u00e1n consignarse en f\u00edsico al momento de realizar la inscripci\u00f3n en el programa<\/p>\n<\/li>\n<li>\n<p data-renderer-start-pos=\"650\"><strong data-renderer-mark=\"true\">ENTREVISTAS<\/strong>: 23 al 27 de febrero de 2026<\/p>\n<\/li>\n<li>\n<p data-renderer-start-pos=\"694\"><strong data-renderer-mark=\"true\">PUBLICACI\u00d3N<\/strong> <strong data-renderer-mark=\"true\">DE<\/strong> <strong data-renderer-mark=\"true\">LOS<\/strong> <strong data-renderer-mark=\"true\">SELECCIONADOS<\/strong>: 2 al 4 de marzo de 2026<\/p>\n<\/li>\n<\/ul>\n<p style=\"text-align: justify;\" data-renderer-start-pos=\"755\">INSCRIPCI\u00d3N:<\/p>\n<ul class=\"ak-ul\" data-indent-level=\"1\">\n<li style=\"text-align: justify;\">\n<p data-renderer-start-pos=\"771\"><strong data-renderer-mark=\"true\">INSCRIPCIONE<\/strong>S: Marzo de 2026<\/p>\n<\/li>\n<li>\n<p style=\"text-align: justify;\" data-renderer-start-pos=\"803\"><strong data-renderer-mark=\"true\">INICIO<\/strong> <strong data-renderer-mark=\"true\">DE<\/strong> <strong data-renderer-mark=\"true\">ACTIVIDADES<\/strong>: Marzo de 2026<\/p>\n<\/li>\n<\/ul>\n<p><strong>RECAUDOS<\/strong> <strong>EXIGIDOS<\/strong> <strong>PARA<\/strong><strong> LA ADMISI\u00d3N EN LOS DIFERENTES PROGRAMAS: <\/strong><strong>(<\/strong><span style=\"color: #3366ff;\"><a style=\"color: #3366ff;\" href=\"https:\/\/www.facyt.uc.edu.ve\/web\/wp-content\/uploads\/2024\/06\/Requisitos-para-Ingresar-a-Programas-Postgrado-FACYT-UC.pdf\"><strong><u>Link<\/u><\/strong><\/a><\/span><strong>)<\/strong><\/p>\n<p><strong><u>INFORMACI\u00d3N<\/u><\/strong> <strong><u>GENERAL:<\/u><\/strong><\/p>\n<p style=\"text-align: justify;\"><strong>Arancel de recepci\u00f3n de credenciales<\/strong>: realiza una transferencia en bol\u00edvares digitales, por un monto equivalente a <strong>20$ <\/strong>para <strong>programa de Especializaci\u00f3n y Maestr\u00eda y 30$ para programa de Doctorado, <\/strong>a la tasa de cambio vigente en la p\u00e1gina oficial <span style=\"color: #3366ff;\"><strong>https:\/\/<\/strong><\/span><a href=\"http:\/\/www.bcv.org.ve\/\"><span style=\"color: #3366ff;\"><strong>www.bcv.org.ve<\/strong><\/span>,<\/a> a la Cuenta Cte. <strong>Banco<\/strong><strong> Caribe N\u00ba 0114-0222-4922200-23187, RIF: G-200000414<\/strong><\/p>\n<p style=\"text-align: justify;\"><strong>a nombre de Universidad de Carabobo. Ingresos Propios FACY<\/strong>T, los recaudos se deben consignar en f\u00edsico en la Direcci\u00f3n de Postgrado de la FACYT (Decanato), Campus B\u00e1rbula, Edo. Carabobo, en el horario comprendido de 9:00 a.m. a 11:00 a.m., y en digital por el correo electr\u00f3nico<strong>:&nbsp;<\/strong><a href=\"mailto:postgradofacyt@gmail.com\"><span style=\"color: #0000ff;\"><strong><span style=\"color: #3366ff;\">postgradofacyt@gmail.com<\/span><\/strong><\/span><\/a><strong>, colocar en el Asunto del correo: RECEPCI\u00d3N DE CREDENCIALES A\u00d1O 2025<\/strong><\/p>\n<div id=\"gtx-trans\" style=\"position: absolute; left: 59px; top: 952.215px;\">\n<div class=\"gtx-trans-icon\"><\/div>\n<\/div>\n<p>[\/vc_column_text][vc_row_inner][vc_column_inner][vc_btn title=\u00bbPlanilla de Consignaci\u00f3n de Documentos 2025&#8243; color=\u00bbsky\u00bb align=\u00bbcenter\u00bb css=\u00bb\u00bb link=\u00bburl:http%3A%2F%2Fwww.facyt.uc.edu.ve%2Fweb%2Fwp-content%2Fuploads%2F2024%2F06%2FRequisitos-para-Ingresar-a-Programas-Postgrado-FACYT-UC.pdf\u00bb][\/vc_column_inner][\/vc_row_inner][\/vc_column][\/vc_row]<\/p>\n<\/div>","protected":false},"excerpt":{"rendered":"<p>[vc_row][vc_column][vc_column_text css=\u00bb\u00bb] RECEPCI\u00d3N DE CREDENCIALES A\u00d1O 2025 (PR\u00d3RROGA) Para los siguientes programas: DOCTORADO EN QU\u00cdMICA TECNOL\u00d3GICA MAESTR\u00cdA EN MATEM\u00c1TICAS APLICADAS ESPECIALIZACI\u00d3N EN DESARROLLO DE SOFTWARE &nbsp; SE LE INFORMA A LOS PROFESIONALES UNIVERSITARIOS INTERESADOS EN INICIAR ESTUDIOS DE POSTGRADO EN ESTA FACULTAD, EL PROCESO DE SELECCI\u00d3N DE ASPIRANTES PARA LA COHORTE 2025, SE REALIZAR\u00c1 SEG\u00daN&hellip;<\/p>\n","protected":false},"author":5,"featured_media":0,"parent":0,"menu_order":0,"comment_status":"closed","ping_status":"closed","template":"","meta":{"footnotes":""},"class_list":["post-512","page","type-page","status-publish","hentry"],"yoast_head":"<!-- This site is optimized with the Yoast SEO plugin v27.1.1 - https:\/\/yoast.com\/product\/yoast-seo-wordpress\/ -->\n<title>Recepcion de Credenciales - Facultad Experimental de Ciencias y Tecnolog\u00eda<\/title>\n<meta name=\"robots\" content=\"index, follow, max-snippet:-1, max-image-preview:large, max-video-preview:-1\" \/>\n<link rel=\"canonical\" href=\"https:\/\/www.facyt.uc.edu.ve\/web\/recepcion-de-credenciales\/\" \/>\n<meta property=\"og:locale\" content=\"es_ES\" \/>\n<meta property=\"og:type\" content=\"article\" \/>\n<meta property=\"og:title\" content=\"Recepcion de Credenciales - Facultad Experimental de Ciencias y Tecnolog\u00eda\" \/>\n<meta property=\"og:description\" content=\"[vc_row][vc_column][vc_column_text css=\u00bb\u00bb] RECEPCI\u00d3N DE CREDENCIALES A\u00d1O 2025 (PR\u00d3RROGA) Para los siguientes programas: DOCTORADO EN QU\u00cdMICA TECNOL\u00d3GICA MAESTR\u00cdA EN MATEM\u00c1TICAS APLICADAS ESPECIALIZACI\u00d3N EN DESARROLLO DE SOFTWARE &nbsp; SE LE INFORMA A LOS PROFESIONALES UNIVERSITARIOS INTERESADOS EN INICIAR ESTUDIOS DE POSTGRADO EN ESTA FACULTAD, EL PROCESO DE SELECCI\u00d3N DE ASPIRANTES PARA LA COHORTE 2025, SE REALIZAR\u00c1 SEG\u00daN&hellip;\" \/>\n<meta property=\"og:url\" content=\"https:\/\/www.facyt.uc.edu.ve\/web\/recepcion-de-credenciales\/\" \/>\n<meta property=\"og:site_name\" content=\"Facultad Experimental de Ciencias y Tecnolog\u00eda\" \/>\n<meta property=\"article:modified_time\" content=\"2026-01-28T13:36:29+00:00\" \/>\n<meta name=\"twitter:card\" content=\"summary_large_image\" \/>\n<meta name=\"twitter:label1\" content=\"Tiempo estimado de lectura\" \/>\n\t<meta name=\"twitter:data1\" content=\"2 minutos\" \/>\n<script type=\"application\/ld+json\" class=\"yoast-schema-graph\">{\"@context\":\"https:\/\/schema.org\",\"@graph\":[{\"@type\":\"WebPage\",\"@id\":\"https:\/\/www.facyt.uc.edu.ve\/web\/recepcion-de-credenciales\/\",\"url\":\"https:\/\/www.facyt.uc.edu.ve\/web\/recepcion-de-credenciales\/\",\"name\":\"Recepcion de Credenciales - Facultad Experimental de Ciencias y Tecnolog\u00eda\",\"isPartOf\":{\"@id\":\"https:\/\/www.facyt.uc.edu.ve\/web\/#website\"},\"datePublished\":\"2021-08-23T23:45:12+00:00\",\"dateModified\":\"2026-01-28T13:36:29+00:00\",\"breadcrumb\":{\"@id\":\"https:\/\/www.facyt.uc.edu.ve\/web\/recepcion-de-credenciales\/#breadcrumb\"},\"inLanguage\":\"es\",\"potentialAction\":[{\"@type\":\"ReadAction\",\"target\":[\"https:\/\/www.facyt.uc.edu.ve\/web\/recepcion-de-credenciales\/\"]}]},{\"@type\":\"BreadcrumbList\",\"@id\":\"https:\/\/www.facyt.uc.edu.ve\/web\/recepcion-de-credenciales\/#breadcrumb\",\"itemListElement\":[{\"@type\":\"ListItem\",\"position\":1,\"name\":\"Portada\",\"item\":\"https:\/\/www.facyt.uc.edu.ve\/web\/\"},{\"@type\":\"ListItem\",\"position\":2,\"name\":\"Recepcion de Credenciales\"}]},{\"@type\":\"WebSite\",\"@id\":\"https:\/\/www.facyt.uc.edu.ve\/web\/#website\",\"url\":\"https:\/\/www.facyt.uc.edu.ve\/web\/\",\"name\":\"Facultad Experimental de Ciencias y Tecnolog\u00eda\",\"description\":\"FaCyT UC\",\"publisher\":{\"@id\":\"https:\/\/www.facyt.uc.edu.ve\/web\/#organization\"},\"alternateName\":\"FaCyT\",\"potentialAction\":[{\"@type\":\"SearchAction\",\"target\":{\"@type\":\"EntryPoint\",\"urlTemplate\":\"https:\/\/www.facyt.uc.edu.ve\/web\/?s={search_term_string}\"},\"query-input\":{\"@type\":\"PropertyValueSpecification\",\"valueRequired\":true,\"valueName\":\"search_term_string\"}}],\"inLanguage\":\"es\"},{\"@type\":\"Organization\",\"@id\":\"https:\/\/www.facyt.uc.edu.ve\/web\/#organization\",\"name\":\"Facultad Experimental de Ciencias y Tecnolog\u00eda\",\"url\":\"https:\/\/www.facyt.uc.edu.ve\/web\/\",\"logo\":{\"@type\":\"ImageObject\",\"inLanguage\":\"es\",\"@id\":\"https:\/\/www.facyt.uc.edu.ve\/web\/#\/schema\/logo\/image\/\",\"url\":\"https:\/\/www.facyt.uc.edu.ve\/web\/wp-content\/uploads\/2025\/11\/Logo_de_la_Facultad_Experimental_de_Ciencia_y_Tecnologia-scaled.jpg\",\"contentUrl\":\"https:\/\/www.facyt.uc.edu.ve\/web\/wp-content\/uploads\/2025\/11\/Logo_de_la_Facultad_Experimental_de_Ciencia_y_Tecnologia-scaled.jpg\",\"width\":2560,\"height\":2560,\"caption\":\"Facultad Experimental de Ciencias y Tecnolog\u00eda\"},\"image\":{\"@id\":\"https:\/\/www.facyt.uc.edu.ve\/web\/#\/schema\/logo\/image\/\"},\"sameAs\":[\"https:\/\/instagram.com\/facytuc.oficial\/yoast\"]}]}<\/script>\n<!-- \/ Yoast SEO plugin. -->","yoast_head_json":{"title":"Recepcion de Credenciales - Facultad Experimental de Ciencias y Tecnolog\u00eda","robots":{"index":"index","follow":"follow","max-snippet":"max-snippet:-1","max-image-preview":"max-image-preview:large","max-video-preview":"max-video-preview:-1"},"canonical":"https:\/\/www.facyt.uc.edu.ve\/web\/recepcion-de-credenciales\/","og_locale":"es_ES","og_type":"article","og_title":"Recepcion de Credenciales - Facultad Experimental de Ciencias y Tecnolog\u00eda","og_description":"[vc_row][vc_column][vc_column_text css=\u00bb\u00bb] RECEPCI\u00d3N DE CREDENCIALES A\u00d1O 2025 (PR\u00d3RROGA) Para los siguientes programas: DOCTORADO EN QU\u00cdMICA TECNOL\u00d3GICA MAESTR\u00cdA EN MATEM\u00c1TICAS APLICADAS ESPECIALIZACI\u00d3N EN DESARROLLO DE SOFTWARE &nbsp; SE LE INFORMA A LOS PROFESIONALES UNIVERSITARIOS INTERESADOS EN INICIAR ESTUDIOS DE POSTGRADO EN ESTA FACULTAD, EL PROCESO DE SELECCI\u00d3N DE ASPIRANTES PARA LA COHORTE 2025, SE REALIZAR\u00c1 SEG\u00daN&hellip;","og_url":"https:\/\/www.facyt.uc.edu.ve\/web\/recepcion-de-credenciales\/","og_site_name":"Facultad Experimental de Ciencias y Tecnolog\u00eda","article_modified_time":"2026-01-28T13:36:29+00:00","twitter_card":"summary_large_image","twitter_misc":{"Tiempo estimado de lectura":"2 minutos"},"schema":{"@context":"https:\/\/schema.org","@graph":[{"@type":"WebPage","@id":"https:\/\/www.facyt.uc.edu.ve\/web\/recepcion-de-credenciales\/","url":"https:\/\/www.facyt.uc.edu.ve\/web\/recepcion-de-credenciales\/","name":"Recepcion de Credenciales - Facultad Experimental de Ciencias y Tecnolog\u00eda","isPartOf":{"@id":"https:\/\/www.facyt.uc.edu.ve\/web\/#website"},"datePublished":"2021-08-23T23:45:12+00:00","dateModified":"2026-01-28T13:36:29+00:00","breadcrumb":{"@id":"https:\/\/www.facyt.uc.edu.ve\/web\/recepcion-de-credenciales\/#breadcrumb"},"inLanguage":"es","potentialAction":[{"@type":"ReadAction","target":["https:\/\/www.facyt.uc.edu.ve\/web\/recepcion-de-credenciales\/"]}]},{"@type":"BreadcrumbList","@id":"https:\/\/www.facyt.uc.edu.ve\/web\/recepcion-de-credenciales\/#breadcrumb","itemListElement":[{"@type":"ListItem","position":1,"name":"Portada","item":"https:\/\/www.facyt.uc.edu.ve\/web\/"},{"@type":"ListItem","position":2,"name":"Recepcion de Credenciales"}]},{"@type":"WebSite","@id":"https:\/\/www.facyt.uc.edu.ve\/web\/#website","url":"https:\/\/www.facyt.uc.edu.ve\/web\/","name":"Facultad Experimental de Ciencias y Tecnolog\u00eda","description":"FaCyT UC","publisher":{"@id":"https:\/\/www.facyt.uc.edu.ve\/web\/#organization"},"alternateName":"FaCyT","potentialAction":[{"@type":"SearchAction","target":{"@type":"EntryPoint","urlTemplate":"https:\/\/www.facyt.uc.edu.ve\/web\/?s={search_term_string}"},"query-input":{"@type":"PropertyValueSpecification","valueRequired":true,"valueName":"search_term_string"}}],"inLanguage":"es"},{"@type":"Organization","@id":"https:\/\/www.facyt.uc.edu.ve\/web\/#organization","name":"Facultad Experimental de Ciencias y Tecnolog\u00eda","url":"https:\/\/www.facyt.uc.edu.ve\/web\/","logo":{"@type":"ImageObject","inLanguage":"es","@id":"https:\/\/www.facyt.uc.edu.ve\/web\/#\/schema\/logo\/image\/","url":"https:\/\/www.facyt.uc.edu.ve\/web\/wp-content\/uploads\/2025\/11\/Logo_de_la_Facultad_Experimental_de_Ciencia_y_Tecnologia-scaled.jpg","contentUrl":"https:\/\/www.facyt.uc.edu.ve\/web\/wp-content\/uploads\/2025\/11\/Logo_de_la_Facultad_Experimental_de_Ciencia_y_Tecnologia-scaled.jpg","width":2560,"height":2560,"caption":"Facultad Experimental de Ciencias y Tecnolog\u00eda"},"image":{"@id":"https:\/\/www.facyt.uc.edu.ve\/web\/#\/schema\/logo\/image\/"},"sameAs":["https:\/\/instagram.com\/facytuc.oficial\/yoast"]}]}},"_links":{"self":[{"href":"https:\/\/www.facyt.uc.edu.ve\/web\/wp-json\/wp\/v2\/pages\/512","targetHints":{"allow":["GET"]}}],"collection":[{"href":"https:\/\/www.facyt.uc.edu.ve\/web\/wp-json\/wp\/v2\/pages"}],"about":[{"href":"https:\/\/www.facyt.uc.edu.ve\/web\/wp-json\/wp\/v2\/types\/page"}],"author":[{"embeddable":true,"href":"https:\/\/www.facyt.uc.edu.ve\/web\/wp-json\/wp\/v2\/users\/5"}],"replies":[{"embeddable":true,"href":"https:\/\/www.facyt.uc.edu.ve\/web\/wp-json\/wp\/v2\/comments?post=512"}],"version-history":[{"count":15,"href":"https:\/\/www.facyt.uc.edu.ve\/web\/wp-json\/wp\/v2\/pages\/512\/revisions"}],"predecessor-version":[{"id":3341,"href":"https:\/\/www.facyt.uc.edu.ve\/web\/wp-json\/wp\/v2\/pages\/512\/revisions\/3341"}],"wp:attachment":[{"href":"https:\/\/www.facyt.uc.edu.ve\/web\/wp-json\/wp\/v2\/media?parent=512"}],"curies":[{"name":"wp","href":"https:\/\/api.w.org\/{rel}","templated":true}]}}