{"id":424,"date":"2021-08-23T19:04:07","date_gmt":"2021-08-23T23:04:07","guid":{"rendered":"http:\/\/vps1.facyt.uc.edu.ve\/web\/?page_id=424"},"modified":"2021-09-14T19:26:55","modified_gmt":"2021-09-14T23:26:55","slug":"computacion","status":"publish","type":"page","link":"https:\/\/www.facyt.uc.edu.ve\/web\/departamentos\/computacion\/","title":{"rendered":"Computaci\u00f3n"},"content":{"rendered":"<div class=\"wpb-content-wrapper\"><p>[vc_row][vc_column][vc_column_text]<\/p>\n<h2><span style=\"color: #0088cc;\">Objetivo General<\/span><\/h2>\n<p style=\"text-align: justify;\">Desarrollar en el estudiante los conocimientos, habilidades, destrezas y actitudes necesarias para su calificaci\u00f3n como profesional capaz de desenvolverse en el \u00e1rea de trabajo, a trav\u00e9s de programas, de estudios que integren la docencia, investigaci\u00f3n y extensi\u00f3n, adem\u00e1s de estimular el desarrollo tecnol\u00f3gico en las \u00e1reas de: desarrollo de software, arquitectura, redes y paralelismo, computaci\u00f3n emergente y matem\u00e1ticas de la computaci\u00f3n, a fin de cumplir con las misi\u00f3n de la Facultad y por ende de la Universidad.<\/p>\n<h2><span style=\"color: #0088cc;\">Visi\u00f3n<\/span><\/h2>\n<p style=\"text-align: justify;\">Constituir un Departamento que desarrolle la investigaci\u00f3n cient\u00edfica y tecnol\u00f3gica a trav\u00e9s de un cuerpo de docentes \u2013 investigadores con estudios de V Nivel, que garanticen generaci\u00f3n de conocimientos que se deber\u00e1 verter en una difusi\u00f3n s\u00f3lida hacia el proceso de ense\u00f1anza-aprendizaje de los alumnos, as\u00ed como tambi\u00e9n en el abordaje de las grandes l\u00edneas de investigaci\u00f3n y desarrollo tecnol\u00f3gico en: desarrollo de software, arquitectura, redes y paralelismo, computaci\u00f3n emergente y matem\u00e1ticas de la computaci\u00f3n.<\/p>\n<h2><span style=\"color: #0088cc;\">Misi\u00f3n<\/span><\/h2>\n<p style=\"text-align: justify;\">Formar profesionales de pregrado y de postgrado con alta calificaci\u00f3n cient\u00edfica y tecnol\u00f3gica en Ciencias de la Computaci\u00f3n, capaces de interactuar con el entorno asumiendo el reto de aportar soluciones a los problemas del cambiante mundo de hoy. Consolidar la ense\u00f1anza de la Ciencia de la Computaci\u00f3n sobre la base de valores \u00e9ticos que afiancen la honestidad, el respeto al pr\u00f3jimo, la solidaridad social y el deseo de convivir en democracia.<\/p>\n<p>[\/vc_column_text][\/vc_column][\/vc_row]<\/p>\n<\/div>","protected":false},"excerpt":{"rendered":"<p>[vc_row][vc_column][vc_column_text] Objetivo General Desarrollar en el estudiante los conocimientos, habilidades, destrezas y actitudes necesarias para su calificaci\u00f3n como profesional capaz de desenvolverse en el \u00e1rea de trabajo, a trav\u00e9s de programas, de estudios que integren la docencia, investigaci\u00f3n y extensi\u00f3n, adem\u00e1s de estimular el desarrollo tecnol\u00f3gico en las \u00e1reas de: desarrollo de software, arquitectura, redes&hellip;<\/p>\n","protected":false},"author":5,"featured_media":0,"parent":257,"menu_order":0,"comment_status":"closed","ping_status":"closed","template":"","meta":{"footnotes":""},"class_list":["post-424","page","type-page","status-publish","hentry"],"yoast_head":"<!-- This site is optimized with the Yoast SEO plugin v27.1.1 - https:\/\/yoast.com\/product\/yoast-seo-wordpress\/ -->\n<title>Computaci\u00f3n - Facultad Experimental de Ciencias y Tecnolog\u00eda<\/title>\n<meta name=\"robots\" content=\"index, follow, max-snippet:-1, max-image-preview:large, max-video-preview:-1\" \/>\n<link rel=\"canonical\" href=\"https:\/\/www.facyt.uc.edu.ve\/web\/departamentos\/computacion\/\" \/>\n<meta property=\"og:locale\" content=\"es_ES\" \/>\n<meta property=\"og:type\" content=\"article\" \/>\n<meta property=\"og:title\" content=\"Computaci\u00f3n - Facultad Experimental de Ciencias y Tecnolog\u00eda\" \/>\n<meta property=\"og:description\" content=\"[vc_row][vc_column][vc_column_text] Objetivo General Desarrollar en el estudiante los conocimientos, habilidades, destrezas y actitudes necesarias para su calificaci\u00f3n como profesional capaz de desenvolverse en el \u00e1rea de trabajo, a trav\u00e9s de programas, de estudios que integren la docencia, investigaci\u00f3n y extensi\u00f3n, adem\u00e1s de estimular el desarrollo tecnol\u00f3gico en las \u00e1reas de: desarrollo de software, arquitectura, redes&hellip;\" \/>\n<meta property=\"og:url\" content=\"https:\/\/www.facyt.uc.edu.ve\/web\/departamentos\/computacion\/\" \/>\n<meta property=\"og:site_name\" content=\"Facultad Experimental de Ciencias y Tecnolog\u00eda\" \/>\n<meta property=\"article:modified_time\" content=\"2021-09-14T23:26:55+00:00\" \/>\n<meta name=\"twitter:card\" content=\"summary_large_image\" \/>\n<meta name=\"twitter:label1\" content=\"Tiempo estimado de lectura\" \/>\n\t<meta name=\"twitter:data1\" content=\"1 minuto\" \/>\n<script type=\"application\/ld+json\" class=\"yoast-schema-graph\">{\"@context\":\"https:\/\/schema.org\",\"@graph\":[{\"@type\":\"WebPage\",\"@id\":\"https:\/\/www.facyt.uc.edu.ve\/web\/departamentos\/computacion\/\",\"url\":\"https:\/\/www.facyt.uc.edu.ve\/web\/departamentos\/computacion\/\",\"name\":\"Computaci\u00f3n - Facultad Experimental de Ciencias y Tecnolog\u00eda\",\"isPartOf\":{\"@id\":\"https:\/\/www.facyt.uc.edu.ve\/web\/#website\"},\"datePublished\":\"2021-08-23T23:04:07+00:00\",\"dateModified\":\"2021-09-14T23:26:55+00:00\",\"breadcrumb\":{\"@id\":\"https:\/\/www.facyt.uc.edu.ve\/web\/departamentos\/computacion\/#breadcrumb\"},\"inLanguage\":\"es\",\"potentialAction\":[{\"@type\":\"ReadAction\",\"target\":[\"https:\/\/www.facyt.uc.edu.ve\/web\/departamentos\/computacion\/\"]}]},{\"@type\":\"BreadcrumbList\",\"@id\":\"https:\/\/www.facyt.uc.edu.ve\/web\/departamentos\/computacion\/#breadcrumb\",\"itemListElement\":[{\"@type\":\"ListItem\",\"position\":1,\"name\":\"Portada\",\"item\":\"https:\/\/www.facyt.uc.edu.ve\/web\/\"},{\"@type\":\"ListItem\",\"position\":2,\"name\":\"Departamentos\",\"item\":\"https:\/\/www.facyt.uc.edu.ve\/web\/departamentos\/\"},{\"@type\":\"ListItem\",\"position\":3,\"name\":\"Computaci\u00f3n\"}]},{\"@type\":\"WebSite\",\"@id\":\"https:\/\/www.facyt.uc.edu.ve\/web\/#website\",\"url\":\"https:\/\/www.facyt.uc.edu.ve\/web\/\",\"name\":\"Facultad Experimental de Ciencias y Tecnolog\u00eda\",\"description\":\"FaCyT UC\",\"publisher\":{\"@id\":\"https:\/\/www.facyt.uc.edu.ve\/web\/#organization\"},\"alternateName\":\"FaCyT\",\"potentialAction\":[{\"@type\":\"SearchAction\",\"target\":{\"@type\":\"EntryPoint\",\"urlTemplate\":\"https:\/\/www.facyt.uc.edu.ve\/web\/?s={search_term_string}\"},\"query-input\":{\"@type\":\"PropertyValueSpecification\",\"valueRequired\":true,\"valueName\":\"search_term_string\"}}],\"inLanguage\":\"es\"},{\"@type\":\"Organization\",\"@id\":\"https:\/\/www.facyt.uc.edu.ve\/web\/#organization\",\"name\":\"Facultad Experimental de Ciencias y Tecnolog\u00eda\",\"url\":\"https:\/\/www.facyt.uc.edu.ve\/web\/\",\"logo\":{\"@type\":\"ImageObject\",\"inLanguage\":\"es\",\"@id\":\"https:\/\/www.facyt.uc.edu.ve\/web\/#\/schema\/logo\/image\/\",\"url\":\"https:\/\/www.facyt.uc.edu.ve\/web\/wp-content\/uploads\/2025\/11\/Logo_de_la_Facultad_Experimental_de_Ciencia_y_Tecnologia-scaled.jpg\",\"contentUrl\":\"https:\/\/www.facyt.uc.edu.ve\/web\/wp-content\/uploads\/2025\/11\/Logo_de_la_Facultad_Experimental_de_Ciencia_y_Tecnologia-scaled.jpg\",\"width\":2560,\"height\":2560,\"caption\":\"Facultad Experimental de Ciencias y Tecnolog\u00eda\"},\"image\":{\"@id\":\"https:\/\/www.facyt.uc.edu.ve\/web\/#\/schema\/logo\/image\/\"},\"sameAs\":[\"https:\/\/instagram.com\/facytuc.oficial\/yoast\"]}]}<\/script>\n<!-- \/ Yoast SEO plugin. -->","yoast_head_json":{"title":"Computaci\u00f3n - Facultad Experimental de Ciencias y Tecnolog\u00eda","robots":{"index":"index","follow":"follow","max-snippet":"max-snippet:-1","max-image-preview":"max-image-preview:large","max-video-preview":"max-video-preview:-1"},"canonical":"https:\/\/www.facyt.uc.edu.ve\/web\/departamentos\/computacion\/","og_locale":"es_ES","og_type":"article","og_title":"Computaci\u00f3n - Facultad Experimental de Ciencias y Tecnolog\u00eda","og_description":"[vc_row][vc_column][vc_column_text] Objetivo General Desarrollar en el estudiante los conocimientos, habilidades, destrezas y actitudes necesarias para su calificaci\u00f3n como profesional capaz de desenvolverse en el \u00e1rea de trabajo, a trav\u00e9s de programas, de estudios que integren la docencia, investigaci\u00f3n y extensi\u00f3n, adem\u00e1s de estimular el desarrollo tecnol\u00f3gico en las \u00e1reas de: desarrollo de software, arquitectura, redes&hellip;","og_url":"https:\/\/www.facyt.uc.edu.ve\/web\/departamentos\/computacion\/","og_site_name":"Facultad Experimental de Ciencias y Tecnolog\u00eda","article_modified_time":"2021-09-14T23:26:55+00:00","twitter_card":"summary_large_image","twitter_misc":{"Tiempo estimado de lectura":"1 minuto"},"schema":{"@context":"https:\/\/schema.org","@graph":[{"@type":"WebPage","@id":"https:\/\/www.facyt.uc.edu.ve\/web\/departamentos\/computacion\/","url":"https:\/\/www.facyt.uc.edu.ve\/web\/departamentos\/computacion\/","name":"Computaci\u00f3n - Facultad Experimental de Ciencias y Tecnolog\u00eda","isPartOf":{"@id":"https:\/\/www.facyt.uc.edu.ve\/web\/#website"},"datePublished":"2021-08-23T23:04:07+00:00","dateModified":"2021-09-14T23:26:55+00:00","breadcrumb":{"@id":"https:\/\/www.facyt.uc.edu.ve\/web\/departamentos\/computacion\/#breadcrumb"},"inLanguage":"es","potentialAction":[{"@type":"ReadAction","target":["https:\/\/www.facyt.uc.edu.ve\/web\/departamentos\/computacion\/"]}]},{"@type":"BreadcrumbList","@id":"https:\/\/www.facyt.uc.edu.ve\/web\/departamentos\/computacion\/#breadcrumb","itemListElement":[{"@type":"ListItem","position":1,"name":"Portada","item":"https:\/\/www.facyt.uc.edu.ve\/web\/"},{"@type":"ListItem","position":2,"name":"Departamentos","item":"https:\/\/www.facyt.uc.edu.ve\/web\/departamentos\/"},{"@type":"ListItem","position":3,"name":"Computaci\u00f3n"}]},{"@type":"WebSite","@id":"https:\/\/www.facyt.uc.edu.ve\/web\/#website","url":"https:\/\/www.facyt.uc.edu.ve\/web\/","name":"Facultad Experimental de Ciencias y Tecnolog\u00eda","description":"FaCyT UC","publisher":{"@id":"https:\/\/www.facyt.uc.edu.ve\/web\/#organization"},"alternateName":"FaCyT","potentialAction":[{"@type":"SearchAction","target":{"@type":"EntryPoint","urlTemplate":"https:\/\/www.facyt.uc.edu.ve\/web\/?s={search_term_string}"},"query-input":{"@type":"PropertyValueSpecification","valueRequired":true,"valueName":"search_term_string"}}],"inLanguage":"es"},{"@type":"Organization","@id":"https:\/\/www.facyt.uc.edu.ve\/web\/#organization","name":"Facultad Experimental de Ciencias y Tecnolog\u00eda","url":"https:\/\/www.facyt.uc.edu.ve\/web\/","logo":{"@type":"ImageObject","inLanguage":"es","@id":"https:\/\/www.facyt.uc.edu.ve\/web\/#\/schema\/logo\/image\/","url":"https:\/\/www.facyt.uc.edu.ve\/web\/wp-content\/uploads\/2025\/11\/Logo_de_la_Facultad_Experimental_de_Ciencia_y_Tecnologia-scaled.jpg","contentUrl":"https:\/\/www.facyt.uc.edu.ve\/web\/wp-content\/uploads\/2025\/11\/Logo_de_la_Facultad_Experimental_de_Ciencia_y_Tecnologia-scaled.jpg","width":2560,"height":2560,"caption":"Facultad Experimental de Ciencias y Tecnolog\u00eda"},"image":{"@id":"https:\/\/www.facyt.uc.edu.ve\/web\/#\/schema\/logo\/image\/"},"sameAs":["https:\/\/instagram.com\/facytuc.oficial\/yoast"]}]}},"_links":{"self":[{"href":"https:\/\/www.facyt.uc.edu.ve\/web\/wp-json\/wp\/v2\/pages\/424","targetHints":{"allow":["GET"]}}],"collection":[{"href":"https:\/\/www.facyt.uc.edu.ve\/web\/wp-json\/wp\/v2\/pages"}],"about":[{"href":"https:\/\/www.facyt.uc.edu.ve\/web\/wp-json\/wp\/v2\/types\/page"}],"author":[{"embeddable":true,"href":"https:\/\/www.facyt.uc.edu.ve\/web\/wp-json\/wp\/v2\/users\/5"}],"replies":[{"embeddable":true,"href":"https:\/\/www.facyt.uc.edu.ve\/web\/wp-json\/wp\/v2\/comments?post=424"}],"version-history":[{"count":8,"href":"https:\/\/www.facyt.uc.edu.ve\/web\/wp-json\/wp\/v2\/pages\/424\/revisions"}],"predecessor-version":[{"id":1157,"href":"https:\/\/www.facyt.uc.edu.ve\/web\/wp-json\/wp\/v2\/pages\/424\/revisions\/1157"}],"up":[{"embeddable":true,"href":"https:\/\/www.facyt.uc.edu.ve\/web\/wp-json\/wp\/v2\/pages\/257"}],"wp:attachment":[{"href":"https:\/\/www.facyt.uc.edu.ve\/web\/wp-json\/wp\/v2\/media?parent=424"}],"curies":[{"name":"wp","href":"https:\/\/api.w.org\/{rel}","templated":true}]}}