{"id":2197,"date":"2022-05-03T10:51:22","date_gmt":"2022-05-03T14:51:22","guid":{"rendered":"http:\/\/vps1.facyt.uc.edu.ve\/web\/?page_id=2197"},"modified":"2022-05-03T10:54:19","modified_gmt":"2022-05-03T14:54:19","slug":"primer-foro-de-proteccion-radiologica","status":"publish","type":"page","link":"https:\/\/www.facyt.uc.edu.ve\/web\/seminarios\/primer-foro-de-proteccion-radiologica\/","title":{"rendered":"primer foro de protecci\u00f3n radiol\u00f3gica"},"content":{"rendered":"<div class=\"wpb-content-wrapper\"><p>[vc_row][vc_column width=\u00bb1\/2&#8243;][vc_single_image image=\u00bb2199&#8243; img_size=\u00bbfull\u00bb alignment=\u00bbcenter\u00bb][\/vc_column][vc_column width=\u00bb1\/2&#8243;][vc_column_text]<\/p>\n<div class=\"field field-name-body field-type-text-with-summary field-label-hidden\">\n<div class=\"field-items\">\n<div class=\"field-item even\">\n<p><a href=\"https:\/\/docs.google.com\/forms\/d\/e\/1FAIpQLSdauvHmgMngEk0MSfebOfLLiD0vVmVvbYhBI-NKEUgF7u73wA\/viewform?vc=0&amp;c=0&amp;w=1\">Reg\u00edstrese aqu\u00ed<\/a><\/p>\n<\/div>\n<\/div>\n<\/div>\n<p><strong>Ponente:\u00a0<\/strong>MSc. Eliana Galindo, Ing. Efra\u00edn Carvajal, Lic. Julennys Castillo, MSc. Eva Monagas<br \/>\n<strong>Fecha:\u00a0<\/strong><span class=\"date-display-single\">Lunes, Mayo 6, 2019<\/span><br \/>\n<strong>Hora:\u00a0<\/strong>8:30 am<br \/>\n<strong>Lugar:\u00a0<\/strong>Auditorio Ninoska Maneiro<br \/>\n<strong>Ver Archivo:\u00a0<\/strong><span class=\"file\"><img decoding=\"async\" class=\"file-icon\" title=\"application\/pdf\" src=\"http:\/\/www.facyt.uc.edu.ve\/modules\/file\/icons\/application-pdf.png\" alt=\"\" \/>\u00a0<a href=\"https:\/\/www.facyt.uc.edu.ve\/web\/wp-content\/uploads\/2022\/05\/Poster-ProteccionRadiologica.pdf\" type=\"application\/pdf; length=5025161\">Poster-ProteccionRadiologica.pdf<\/a><\/span>[\/vc_column_text][\/vc_column][\/vc_row]<\/p>\n<\/div>","protected":false},"excerpt":{"rendered":"<p>[vc_row][vc_column width=\u00bb1\/2&#8243;][vc_single_image image=\u00bb2199&#8243; img_size=\u00bbfull\u00bb alignment=\u00bbcenter\u00bb][\/vc_column][vc_column width=\u00bb1\/2&#8243;][vc_column_text] Reg\u00edstrese aqu\u00ed Ponente:\u00a0MSc. Eliana Galindo, Ing. Efra\u00edn Carvajal, Lic. Julennys Castillo, MSc. Eva Monagas Fecha:\u00a0Lunes, Mayo 6, 2019 Hora:\u00a08:30 am Lugar:\u00a0Auditorio Ninoska Maneiro Ver Archivo:\u00a0\u00a0Poster-ProteccionRadiologica.pdf[\/vc_column_text][\/vc_column][\/vc_row]<\/p>\n","protected":false},"author":5,"featured_media":0,"parent":537,"menu_order":0,"comment_status":"closed","ping_status":"closed","template":"","meta":{"footnotes":""},"class_list":["post-2197","page","type-page","status-publish","hentry"],"yoast_head":"<!-- This site is optimized with the Yoast SEO plugin v27.1.1 - https:\/\/yoast.com\/product\/yoast-seo-wordpress\/ -->\n<title>primer foro de protecci\u00f3n radiol\u00f3gica - Facultad Experimental de Ciencias y Tecnolog\u00eda<\/title>\n<meta name=\"robots\" content=\"index, follow, max-snippet:-1, max-image-preview:large, max-video-preview:-1\" \/>\n<link rel=\"canonical\" href=\"https:\/\/www.facyt.uc.edu.ve\/web\/seminarios\/primer-foro-de-proteccion-radiologica\/\" \/>\n<meta property=\"og:locale\" content=\"es_ES\" \/>\n<meta property=\"og:type\" content=\"article\" \/>\n<meta property=\"og:title\" content=\"primer foro de protecci\u00f3n radiol\u00f3gica - Facultad Experimental de Ciencias y Tecnolog\u00eda\" \/>\n<meta property=\"og:description\" content=\"[vc_row][vc_column width=\u00bb1\/2&#8243;][vc_single_image image=\u00bb2199&#8243; img_size=\u00bbfull\u00bb alignment=\u00bbcenter\u00bb][\/vc_column][vc_column width=\u00bb1\/2&#8243;][vc_column_text] Reg\u00edstrese aqu\u00ed Ponente:\u00a0MSc. Eliana Galindo, Ing. Efra\u00edn Carvajal, Lic. Julennys Castillo, MSc. Eva Monagas Fecha:\u00a0Lunes, Mayo 6, 2019 Hora:\u00a08:30 am Lugar:\u00a0Auditorio Ninoska Maneiro Ver Archivo:\u00a0\u00a0Poster-ProteccionRadiologica.pdf[\/vc_column_text][\/vc_column][\/vc_row]\" \/>\n<meta property=\"og:url\" content=\"https:\/\/www.facyt.uc.edu.ve\/web\/seminarios\/primer-foro-de-proteccion-radiologica\/\" \/>\n<meta property=\"og:site_name\" content=\"Facultad Experimental de Ciencias y Tecnolog\u00eda\" \/>\n<meta property=\"article:modified_time\" content=\"2022-05-03T14:54:19+00:00\" \/>\n<meta property=\"og:image\" content=\"http:\/\/www.facyt.uc.edu.ve\/modules\/file\/icons\/application-pdf.png\" \/>\n<meta name=\"twitter:card\" content=\"summary_large_image\" \/>\n<script type=\"application\/ld+json\" class=\"yoast-schema-graph\">{\"@context\":\"https:\/\/schema.org\",\"@graph\":[{\"@type\":\"WebPage\",\"@id\":\"https:\/\/www.facyt.uc.edu.ve\/web\/seminarios\/primer-foro-de-proteccion-radiologica\/\",\"url\":\"https:\/\/www.facyt.uc.edu.ve\/web\/seminarios\/primer-foro-de-proteccion-radiologica\/\",\"name\":\"primer foro de protecci\u00f3n radiol\u00f3gica - Facultad Experimental de Ciencias y Tecnolog\u00eda\",\"isPartOf\":{\"@id\":\"https:\/\/www.facyt.uc.edu.ve\/web\/#website\"},\"primaryImageOfPage\":{\"@id\":\"https:\/\/www.facyt.uc.edu.ve\/web\/seminarios\/primer-foro-de-proteccion-radiologica\/#primaryimage\"},\"image\":{\"@id\":\"https:\/\/www.facyt.uc.edu.ve\/web\/seminarios\/primer-foro-de-proteccion-radiologica\/#primaryimage\"},\"thumbnailUrl\":\"http:\/\/www.facyt.uc.edu.ve\/modules\/file\/icons\/application-pdf.png\",\"datePublished\":\"2022-05-03T14:51:22+00:00\",\"dateModified\":\"2022-05-03T14:54:19+00:00\",\"breadcrumb\":{\"@id\":\"https:\/\/www.facyt.uc.edu.ve\/web\/seminarios\/primer-foro-de-proteccion-radiologica\/#breadcrumb\"},\"inLanguage\":\"es\",\"potentialAction\":[{\"@type\":\"ReadAction\",\"target\":[\"https:\/\/www.facyt.uc.edu.ve\/web\/seminarios\/primer-foro-de-proteccion-radiologica\/\"]}]},{\"@type\":\"ImageObject\",\"inLanguage\":\"es\",\"@id\":\"https:\/\/www.facyt.uc.edu.ve\/web\/seminarios\/primer-foro-de-proteccion-radiologica\/#primaryimage\",\"url\":\"http:\/\/www.facyt.uc.edu.ve\/modules\/file\/icons\/application-pdf.png\",\"contentUrl\":\"http:\/\/www.facyt.uc.edu.ve\/modules\/file\/icons\/application-pdf.png\"},{\"@type\":\"BreadcrumbList\",\"@id\":\"https:\/\/www.facyt.uc.edu.ve\/web\/seminarios\/primer-foro-de-proteccion-radiologica\/#breadcrumb\",\"itemListElement\":[{\"@type\":\"ListItem\",\"position\":1,\"name\":\"Portada\",\"item\":\"https:\/\/www.facyt.uc.edu.ve\/web\/\"},{\"@type\":\"ListItem\",\"position\":2,\"name\":\"Seminarios\",\"item\":\"https:\/\/www.facyt.uc.edu.ve\/web\/seminarios\/\"},{\"@type\":\"ListItem\",\"position\":3,\"name\":\"primer foro de protecci\u00f3n radiol\u00f3gica\"}]},{\"@type\":\"WebSite\",\"@id\":\"https:\/\/www.facyt.uc.edu.ve\/web\/#website\",\"url\":\"https:\/\/www.facyt.uc.edu.ve\/web\/\",\"name\":\"Facultad Experimental de Ciencias y Tecnolog\u00eda\",\"description\":\"FaCyT UC\",\"publisher\":{\"@id\":\"https:\/\/www.facyt.uc.edu.ve\/web\/#organization\"},\"alternateName\":\"FaCyT\",\"potentialAction\":[{\"@type\":\"SearchAction\",\"target\":{\"@type\":\"EntryPoint\",\"urlTemplate\":\"https:\/\/www.facyt.uc.edu.ve\/web\/?s={search_term_string}\"},\"query-input\":{\"@type\":\"PropertyValueSpecification\",\"valueRequired\":true,\"valueName\":\"search_term_string\"}}],\"inLanguage\":\"es\"},{\"@type\":\"Organization\",\"@id\":\"https:\/\/www.facyt.uc.edu.ve\/web\/#organization\",\"name\":\"Facultad Experimental de Ciencias y Tecnolog\u00eda\",\"url\":\"https:\/\/www.facyt.uc.edu.ve\/web\/\",\"logo\":{\"@type\":\"ImageObject\",\"inLanguage\":\"es\",\"@id\":\"https:\/\/www.facyt.uc.edu.ve\/web\/#\/schema\/logo\/image\/\",\"url\":\"https:\/\/www.facyt.uc.edu.ve\/web\/wp-content\/uploads\/2025\/11\/Logo_de_la_Facultad_Experimental_de_Ciencia_y_Tecnologia-scaled.jpg\",\"contentUrl\":\"https:\/\/www.facyt.uc.edu.ve\/web\/wp-content\/uploads\/2025\/11\/Logo_de_la_Facultad_Experimental_de_Ciencia_y_Tecnologia-scaled.jpg\",\"width\":2560,\"height\":2560,\"caption\":\"Facultad Experimental de Ciencias y Tecnolog\u00eda\"},\"image\":{\"@id\":\"https:\/\/www.facyt.uc.edu.ve\/web\/#\/schema\/logo\/image\/\"},\"sameAs\":[\"https:\/\/instagram.com\/facytuc.oficial\/yoast\"]}]}<\/script>\n<!-- \/ Yoast SEO plugin. -->","yoast_head_json":{"title":"primer foro de protecci\u00f3n radiol\u00f3gica - Facultad Experimental de Ciencias y Tecnolog\u00eda","robots":{"index":"index","follow":"follow","max-snippet":"max-snippet:-1","max-image-preview":"max-image-preview:large","max-video-preview":"max-video-preview:-1"},"canonical":"https:\/\/www.facyt.uc.edu.ve\/web\/seminarios\/primer-foro-de-proteccion-radiologica\/","og_locale":"es_ES","og_type":"article","og_title":"primer foro de protecci\u00f3n radiol\u00f3gica - Facultad Experimental de Ciencias y Tecnolog\u00eda","og_description":"[vc_row][vc_column width=\u00bb1\/2&#8243;][vc_single_image image=\u00bb2199&#8243; img_size=\u00bbfull\u00bb alignment=\u00bbcenter\u00bb][\/vc_column][vc_column width=\u00bb1\/2&#8243;][vc_column_text] Reg\u00edstrese aqu\u00ed Ponente:\u00a0MSc. Eliana Galindo, Ing. Efra\u00edn Carvajal, Lic. Julennys Castillo, MSc. Eva Monagas Fecha:\u00a0Lunes, Mayo 6, 2019 Hora:\u00a08:30 am Lugar:\u00a0Auditorio Ninoska Maneiro Ver Archivo:\u00a0\u00a0Poster-ProteccionRadiologica.pdf[\/vc_column_text][\/vc_column][\/vc_row]","og_url":"https:\/\/www.facyt.uc.edu.ve\/web\/seminarios\/primer-foro-de-proteccion-radiologica\/","og_site_name":"Facultad Experimental de Ciencias y Tecnolog\u00eda","article_modified_time":"2022-05-03T14:54:19+00:00","og_image":[{"url":"http:\/\/www.facyt.uc.edu.ve\/modules\/file\/icons\/application-pdf.png","type":"","width":"","height":""}],"twitter_card":"summary_large_image","schema":{"@context":"https:\/\/schema.org","@graph":[{"@type":"WebPage","@id":"https:\/\/www.facyt.uc.edu.ve\/web\/seminarios\/primer-foro-de-proteccion-radiologica\/","url":"https:\/\/www.facyt.uc.edu.ve\/web\/seminarios\/primer-foro-de-proteccion-radiologica\/","name":"primer foro de protecci\u00f3n radiol\u00f3gica - Facultad Experimental de Ciencias y Tecnolog\u00eda","isPartOf":{"@id":"https:\/\/www.facyt.uc.edu.ve\/web\/#website"},"primaryImageOfPage":{"@id":"https:\/\/www.facyt.uc.edu.ve\/web\/seminarios\/primer-foro-de-proteccion-radiologica\/#primaryimage"},"image":{"@id":"https:\/\/www.facyt.uc.edu.ve\/web\/seminarios\/primer-foro-de-proteccion-radiologica\/#primaryimage"},"thumbnailUrl":"http:\/\/www.facyt.uc.edu.ve\/modules\/file\/icons\/application-pdf.png","datePublished":"2022-05-03T14:51:22+00:00","dateModified":"2022-05-03T14:54:19+00:00","breadcrumb":{"@id":"https:\/\/www.facyt.uc.edu.ve\/web\/seminarios\/primer-foro-de-proteccion-radiologica\/#breadcrumb"},"inLanguage":"es","potentialAction":[{"@type":"ReadAction","target":["https:\/\/www.facyt.uc.edu.ve\/web\/seminarios\/primer-foro-de-proteccion-radiologica\/"]}]},{"@type":"ImageObject","inLanguage":"es","@id":"https:\/\/www.facyt.uc.edu.ve\/web\/seminarios\/primer-foro-de-proteccion-radiologica\/#primaryimage","url":"http:\/\/www.facyt.uc.edu.ve\/modules\/file\/icons\/application-pdf.png","contentUrl":"http:\/\/www.facyt.uc.edu.ve\/modules\/file\/icons\/application-pdf.png"},{"@type":"BreadcrumbList","@id":"https:\/\/www.facyt.uc.edu.ve\/web\/seminarios\/primer-foro-de-proteccion-radiologica\/#breadcrumb","itemListElement":[{"@type":"ListItem","position":1,"name":"Portada","item":"https:\/\/www.facyt.uc.edu.ve\/web\/"},{"@type":"ListItem","position":2,"name":"Seminarios","item":"https:\/\/www.facyt.uc.edu.ve\/web\/seminarios\/"},{"@type":"ListItem","position":3,"name":"primer foro de protecci\u00f3n radiol\u00f3gica"}]},{"@type":"WebSite","@id":"https:\/\/www.facyt.uc.edu.ve\/web\/#website","url":"https:\/\/www.facyt.uc.edu.ve\/web\/","name":"Facultad Experimental de Ciencias y Tecnolog\u00eda","description":"FaCyT UC","publisher":{"@id":"https:\/\/www.facyt.uc.edu.ve\/web\/#organization"},"alternateName":"FaCyT","potentialAction":[{"@type":"SearchAction","target":{"@type":"EntryPoint","urlTemplate":"https:\/\/www.facyt.uc.edu.ve\/web\/?s={search_term_string}"},"query-input":{"@type":"PropertyValueSpecification","valueRequired":true,"valueName":"search_term_string"}}],"inLanguage":"es"},{"@type":"Organization","@id":"https:\/\/www.facyt.uc.edu.ve\/web\/#organization","name":"Facultad Experimental de Ciencias y Tecnolog\u00eda","url":"https:\/\/www.facyt.uc.edu.ve\/web\/","logo":{"@type":"ImageObject","inLanguage":"es","@id":"https:\/\/www.facyt.uc.edu.ve\/web\/#\/schema\/logo\/image\/","url":"https:\/\/www.facyt.uc.edu.ve\/web\/wp-content\/uploads\/2025\/11\/Logo_de_la_Facultad_Experimental_de_Ciencia_y_Tecnologia-scaled.jpg","contentUrl":"https:\/\/www.facyt.uc.edu.ve\/web\/wp-content\/uploads\/2025\/11\/Logo_de_la_Facultad_Experimental_de_Ciencia_y_Tecnologia-scaled.jpg","width":2560,"height":2560,"caption":"Facultad Experimental de Ciencias y Tecnolog\u00eda"},"image":{"@id":"https:\/\/www.facyt.uc.edu.ve\/web\/#\/schema\/logo\/image\/"},"sameAs":["https:\/\/instagram.com\/facytuc.oficial\/yoast"]}]}},"_links":{"self":[{"href":"https:\/\/www.facyt.uc.edu.ve\/web\/wp-json\/wp\/v2\/pages\/2197","targetHints":{"allow":["GET"]}}],"collection":[{"href":"https:\/\/www.facyt.uc.edu.ve\/web\/wp-json\/wp\/v2\/pages"}],"about":[{"href":"https:\/\/www.facyt.uc.edu.ve\/web\/wp-json\/wp\/v2\/types\/page"}],"author":[{"embeddable":true,"href":"https:\/\/www.facyt.uc.edu.ve\/web\/wp-json\/wp\/v2\/users\/5"}],"replies":[{"embeddable":true,"href":"https:\/\/www.facyt.uc.edu.ve\/web\/wp-json\/wp\/v2\/comments?post=2197"}],"version-history":[{"count":2,"href":"https:\/\/www.facyt.uc.edu.ve\/web\/wp-json\/wp\/v2\/pages\/2197\/revisions"}],"predecessor-version":[{"id":2201,"href":"https:\/\/www.facyt.uc.edu.ve\/web\/wp-json\/wp\/v2\/pages\/2197\/revisions\/2201"}],"up":[{"embeddable":true,"href":"https:\/\/www.facyt.uc.edu.ve\/web\/wp-json\/wp\/v2\/pages\/537"}],"wp:attachment":[{"href":"https:\/\/www.facyt.uc.edu.ve\/web\/wp-json\/wp\/v2\/media?parent=2197"}],"curies":[{"name":"wp","href":"https:\/\/api.w.org\/{rel}","templated":true}]}}