{"id":2154,"date":"2022-05-03T09:32:46","date_gmt":"2022-05-03T13:32:46","guid":{"rendered":"http:\/\/vps1.facyt.uc.edu.ve\/web\/?page_id=2154"},"modified":"2022-05-03T09:35:04","modified_gmt":"2022-05-03T13:35:04","slug":"laboratorio-de-neurociencias-y-comportamiento","status":"publish","type":"page","link":"https:\/\/www.facyt.uc.edu.ve\/web\/estructuras-de-investigacion\/laboratorio-de-neurociencias-y-comportamiento\/","title":{"rendered":"laboratorio de neurociencias y comportamiento"},"content":{"rendered":"<div class=\"wpb-content-wrapper\"><p>[vc_row][vc_column width=\u00bb1\/2&#8243;][vc_single_image image=\u00bb2144&#8243; img_size=\u00bbfull\u00bb alignment=\u00bbcenter\u00bb][\/vc_column][vc_column width=\u00bb1\/2&#8243;][vc_column_text]<\/p>\n<div class=\"field field-name-field-siglas field-type-text field-label-hidden\">\n<div class=\"field-items\">\n<h3 class=\"field-item even\">LABNEC<\/h3>\n<\/div>\n<\/div>\n<div class=\"field field-name-body field-type-text-with-summary field-label-hidden\">\n<div class=\"field-items\">\n<div class=\"field-item even\">\n<p style=\"text-align: justify;\">LABNEC desarrolla investigaciones en; a) Neurofisiolog\u00eda y farmacolog\u00eda y patolog\u00eda del sistema nervioso. b) Pruebas conductuales en modelos animales. c) Desarrollo de equipos y m\u00e9todos de bajo costo. d) Fisiolog\u00eda de la termorregulaci\u00f3n e) Comportamiento de insectos y otros artr\u00f3podos. e) Etolog\u00eda, estudio del comportamiento de aves y mam\u00edferos in situ y ex situ.<\/p>\n<\/div>\n<\/div>\n<\/div>\n<h5>PROF. RESPONSABLE:<\/h5>\n<div class=\"field field-name-field-directora field-type-text field-label-hidden\">\n<div class=\"field-items\">\n<div class=\"field-item even\">Renny Pacheco<\/div>\n<\/div>\n<\/div>\n<p>[\/vc_column_text][vc_btn title=\u00bbSitio Web\u00bb color=\u00bbsky\u00bb][\/vc_column][\/vc_row]<\/p>\n<\/div>","protected":false},"excerpt":{"rendered":"<p>[vc_row][vc_column width=\u00bb1\/2&#8243;][vc_single_image image=\u00bb2144&#8243; img_size=\u00bbfull\u00bb alignment=\u00bbcenter\u00bb][\/vc_column][vc_column width=\u00bb1\/2&#8243;][vc_column_text] LABNEC LABNEC desarrolla investigaciones en; a) Neurofisiolog\u00eda y farmacolog\u00eda y patolog\u00eda del sistema nervioso. b) Pruebas conductuales en modelos animales. c) Desarrollo de equipos y m\u00e9todos de bajo costo. d) Fisiolog\u00eda de la termorregulaci\u00f3n e) Comportamiento de insectos y otros artr\u00f3podos. e) Etolog\u00eda, estudio del comportamiento de aves y&hellip;<\/p>\n","protected":false},"author":5,"featured_media":0,"parent":536,"menu_order":0,"comment_status":"closed","ping_status":"closed","template":"","meta":{"footnotes":""},"class_list":["post-2154","page","type-page","status-publish","hentry"],"yoast_head":"<!-- This site is optimized with the Yoast SEO plugin v27.1.1 - https:\/\/yoast.com\/product\/yoast-seo-wordpress\/ -->\n<title>laboratorio de neurociencias y comportamiento - Facultad Experimental de Ciencias y Tecnolog\u00eda<\/title>\n<meta name=\"robots\" content=\"index, follow, max-snippet:-1, max-image-preview:large, max-video-preview:-1\" \/>\n<link rel=\"canonical\" href=\"https:\/\/www.facyt.uc.edu.ve\/web\/estructuras-de-investigacion\/laboratorio-de-neurociencias-y-comportamiento\/\" \/>\n<meta property=\"og:locale\" content=\"es_ES\" \/>\n<meta property=\"og:type\" content=\"article\" \/>\n<meta property=\"og:title\" content=\"laboratorio de neurociencias y comportamiento - Facultad Experimental de Ciencias y Tecnolog\u00eda\" \/>\n<meta property=\"og:description\" content=\"[vc_row][vc_column width=\u00bb1\/2&#8243;][vc_single_image image=\u00bb2144&#8243; img_size=\u00bbfull\u00bb alignment=\u00bbcenter\u00bb][\/vc_column][vc_column width=\u00bb1\/2&#8243;][vc_column_text] LABNEC LABNEC desarrolla investigaciones en; a) Neurofisiolog\u00eda y farmacolog\u00eda y patolog\u00eda del sistema nervioso. b) Pruebas conductuales en modelos animales. c) Desarrollo de equipos y m\u00e9todos de bajo costo. d) Fisiolog\u00eda de la termorregulaci\u00f3n e) Comportamiento de insectos y otros artr\u00f3podos. e) Etolog\u00eda, estudio del comportamiento de aves y&hellip;\" \/>\n<meta property=\"og:url\" content=\"https:\/\/www.facyt.uc.edu.ve\/web\/estructuras-de-investigacion\/laboratorio-de-neurociencias-y-comportamiento\/\" \/>\n<meta property=\"og:site_name\" content=\"Facultad Experimental de Ciencias y Tecnolog\u00eda\" \/>\n<meta property=\"article:modified_time\" content=\"2022-05-03T13:35:04+00:00\" \/>\n<meta name=\"twitter:card\" content=\"summary_large_image\" \/>\n<meta name=\"twitter:label1\" content=\"Tiempo estimado de lectura\" \/>\n\t<meta name=\"twitter:data1\" content=\"1 minuto\" \/>\n<script type=\"application\/ld+json\" class=\"yoast-schema-graph\">{\"@context\":\"https:\/\/schema.org\",\"@graph\":[{\"@type\":\"WebPage\",\"@id\":\"https:\/\/www.facyt.uc.edu.ve\/web\/estructuras-de-investigacion\/laboratorio-de-neurociencias-y-comportamiento\/\",\"url\":\"https:\/\/www.facyt.uc.edu.ve\/web\/estructuras-de-investigacion\/laboratorio-de-neurociencias-y-comportamiento\/\",\"name\":\"laboratorio de neurociencias y comportamiento - Facultad Experimental de Ciencias y Tecnolog\u00eda\",\"isPartOf\":{\"@id\":\"https:\/\/www.facyt.uc.edu.ve\/web\/#website\"},\"datePublished\":\"2022-05-03T13:32:46+00:00\",\"dateModified\":\"2022-05-03T13:35:04+00:00\",\"breadcrumb\":{\"@id\":\"https:\/\/www.facyt.uc.edu.ve\/web\/estructuras-de-investigacion\/laboratorio-de-neurociencias-y-comportamiento\/#breadcrumb\"},\"inLanguage\":\"es\",\"potentialAction\":[{\"@type\":\"ReadAction\",\"target\":[\"https:\/\/www.facyt.uc.edu.ve\/web\/estructuras-de-investigacion\/laboratorio-de-neurociencias-y-comportamiento\/\"]}]},{\"@type\":\"BreadcrumbList\",\"@id\":\"https:\/\/www.facyt.uc.edu.ve\/web\/estructuras-de-investigacion\/laboratorio-de-neurociencias-y-comportamiento\/#breadcrumb\",\"itemListElement\":[{\"@type\":\"ListItem\",\"position\":1,\"name\":\"Portada\",\"item\":\"https:\/\/www.facyt.uc.edu.ve\/web\/\"},{\"@type\":\"ListItem\",\"position\":2,\"name\":\"Estructuras de Investigaci\u00f3n\",\"item\":\"https:\/\/www.facyt.uc.edu.ve\/web\/estructuras-de-investigacion\/\"},{\"@type\":\"ListItem\",\"position\":3,\"name\":\"laboratorio de neurociencias y comportamiento\"}]},{\"@type\":\"WebSite\",\"@id\":\"https:\/\/www.facyt.uc.edu.ve\/web\/#website\",\"url\":\"https:\/\/www.facyt.uc.edu.ve\/web\/\",\"name\":\"Facultad Experimental de Ciencias y Tecnolog\u00eda\",\"description\":\"FaCyT UC\",\"publisher\":{\"@id\":\"https:\/\/www.facyt.uc.edu.ve\/web\/#organization\"},\"alternateName\":\"FaCyT\",\"potentialAction\":[{\"@type\":\"SearchAction\",\"target\":{\"@type\":\"EntryPoint\",\"urlTemplate\":\"https:\/\/www.facyt.uc.edu.ve\/web\/?s={search_term_string}\"},\"query-input\":{\"@type\":\"PropertyValueSpecification\",\"valueRequired\":true,\"valueName\":\"search_term_string\"}}],\"inLanguage\":\"es\"},{\"@type\":\"Organization\",\"@id\":\"https:\/\/www.facyt.uc.edu.ve\/web\/#organization\",\"name\":\"Facultad Experimental de Ciencias y Tecnolog\u00eda\",\"url\":\"https:\/\/www.facyt.uc.edu.ve\/web\/\",\"logo\":{\"@type\":\"ImageObject\",\"inLanguage\":\"es\",\"@id\":\"https:\/\/www.facyt.uc.edu.ve\/web\/#\/schema\/logo\/image\/\",\"url\":\"https:\/\/www.facyt.uc.edu.ve\/web\/wp-content\/uploads\/2025\/11\/Logo_de_la_Facultad_Experimental_de_Ciencia_y_Tecnologia-scaled.jpg\",\"contentUrl\":\"https:\/\/www.facyt.uc.edu.ve\/web\/wp-content\/uploads\/2025\/11\/Logo_de_la_Facultad_Experimental_de_Ciencia_y_Tecnologia-scaled.jpg\",\"width\":2560,\"height\":2560,\"caption\":\"Facultad Experimental de Ciencias y Tecnolog\u00eda\"},\"image\":{\"@id\":\"https:\/\/www.facyt.uc.edu.ve\/web\/#\/schema\/logo\/image\/\"},\"sameAs\":[\"https:\/\/instagram.com\/facytuc.oficial\/yoast\"]}]}<\/script>\n<!-- \/ Yoast SEO plugin. -->","yoast_head_json":{"title":"laboratorio de neurociencias y comportamiento - Facultad Experimental de Ciencias y Tecnolog\u00eda","robots":{"index":"index","follow":"follow","max-snippet":"max-snippet:-1","max-image-preview":"max-image-preview:large","max-video-preview":"max-video-preview:-1"},"canonical":"https:\/\/www.facyt.uc.edu.ve\/web\/estructuras-de-investigacion\/laboratorio-de-neurociencias-y-comportamiento\/","og_locale":"es_ES","og_type":"article","og_title":"laboratorio de neurociencias y comportamiento - Facultad Experimental de Ciencias y Tecnolog\u00eda","og_description":"[vc_row][vc_column width=\u00bb1\/2&#8243;][vc_single_image image=\u00bb2144&#8243; img_size=\u00bbfull\u00bb alignment=\u00bbcenter\u00bb][\/vc_column][vc_column width=\u00bb1\/2&#8243;][vc_column_text] LABNEC LABNEC desarrolla investigaciones en; a) Neurofisiolog\u00eda y farmacolog\u00eda y patolog\u00eda del sistema nervioso. b) Pruebas conductuales en modelos animales. c) Desarrollo de equipos y m\u00e9todos de bajo costo. d) Fisiolog\u00eda de la termorregulaci\u00f3n e) Comportamiento de insectos y otros artr\u00f3podos. e) Etolog\u00eda, estudio del comportamiento de aves y&hellip;","og_url":"https:\/\/www.facyt.uc.edu.ve\/web\/estructuras-de-investigacion\/laboratorio-de-neurociencias-y-comportamiento\/","og_site_name":"Facultad Experimental de Ciencias y Tecnolog\u00eda","article_modified_time":"2022-05-03T13:35:04+00:00","twitter_card":"summary_large_image","twitter_misc":{"Tiempo estimado de lectura":"1 minuto"},"schema":{"@context":"https:\/\/schema.org","@graph":[{"@type":"WebPage","@id":"https:\/\/www.facyt.uc.edu.ve\/web\/estructuras-de-investigacion\/laboratorio-de-neurociencias-y-comportamiento\/","url":"https:\/\/www.facyt.uc.edu.ve\/web\/estructuras-de-investigacion\/laboratorio-de-neurociencias-y-comportamiento\/","name":"laboratorio de neurociencias y comportamiento - Facultad Experimental de Ciencias y Tecnolog\u00eda","isPartOf":{"@id":"https:\/\/www.facyt.uc.edu.ve\/web\/#website"},"datePublished":"2022-05-03T13:32:46+00:00","dateModified":"2022-05-03T13:35:04+00:00","breadcrumb":{"@id":"https:\/\/www.facyt.uc.edu.ve\/web\/estructuras-de-investigacion\/laboratorio-de-neurociencias-y-comportamiento\/#breadcrumb"},"inLanguage":"es","potentialAction":[{"@type":"ReadAction","target":["https:\/\/www.facyt.uc.edu.ve\/web\/estructuras-de-investigacion\/laboratorio-de-neurociencias-y-comportamiento\/"]}]},{"@type":"BreadcrumbList","@id":"https:\/\/www.facyt.uc.edu.ve\/web\/estructuras-de-investigacion\/laboratorio-de-neurociencias-y-comportamiento\/#breadcrumb","itemListElement":[{"@type":"ListItem","position":1,"name":"Portada","item":"https:\/\/www.facyt.uc.edu.ve\/web\/"},{"@type":"ListItem","position":2,"name":"Estructuras de Investigaci\u00f3n","item":"https:\/\/www.facyt.uc.edu.ve\/web\/estructuras-de-investigacion\/"},{"@type":"ListItem","position":3,"name":"laboratorio de neurociencias y comportamiento"}]},{"@type":"WebSite","@id":"https:\/\/www.facyt.uc.edu.ve\/web\/#website","url":"https:\/\/www.facyt.uc.edu.ve\/web\/","name":"Facultad Experimental de Ciencias y Tecnolog\u00eda","description":"FaCyT UC","publisher":{"@id":"https:\/\/www.facyt.uc.edu.ve\/web\/#organization"},"alternateName":"FaCyT","potentialAction":[{"@type":"SearchAction","target":{"@type":"EntryPoint","urlTemplate":"https:\/\/www.facyt.uc.edu.ve\/web\/?s={search_term_string}"},"query-input":{"@type":"PropertyValueSpecification","valueRequired":true,"valueName":"search_term_string"}}],"inLanguage":"es"},{"@type":"Organization","@id":"https:\/\/www.facyt.uc.edu.ve\/web\/#organization","name":"Facultad Experimental de Ciencias y Tecnolog\u00eda","url":"https:\/\/www.facyt.uc.edu.ve\/web\/","logo":{"@type":"ImageObject","inLanguage":"es","@id":"https:\/\/www.facyt.uc.edu.ve\/web\/#\/schema\/logo\/image\/","url":"https:\/\/www.facyt.uc.edu.ve\/web\/wp-content\/uploads\/2025\/11\/Logo_de_la_Facultad_Experimental_de_Ciencia_y_Tecnologia-scaled.jpg","contentUrl":"https:\/\/www.facyt.uc.edu.ve\/web\/wp-content\/uploads\/2025\/11\/Logo_de_la_Facultad_Experimental_de_Ciencia_y_Tecnologia-scaled.jpg","width":2560,"height":2560,"caption":"Facultad Experimental de Ciencias y Tecnolog\u00eda"},"image":{"@id":"https:\/\/www.facyt.uc.edu.ve\/web\/#\/schema\/logo\/image\/"},"sameAs":["https:\/\/instagram.com\/facytuc.oficial\/yoast"]}]}},"_links":{"self":[{"href":"https:\/\/www.facyt.uc.edu.ve\/web\/wp-json\/wp\/v2\/pages\/2154","targetHints":{"allow":["GET"]}}],"collection":[{"href":"https:\/\/www.facyt.uc.edu.ve\/web\/wp-json\/wp\/v2\/pages"}],"about":[{"href":"https:\/\/www.facyt.uc.edu.ve\/web\/wp-json\/wp\/v2\/types\/page"}],"author":[{"embeddable":true,"href":"https:\/\/www.facyt.uc.edu.ve\/web\/wp-json\/wp\/v2\/users\/5"}],"replies":[{"embeddable":true,"href":"https:\/\/www.facyt.uc.edu.ve\/web\/wp-json\/wp\/v2\/comments?post=2154"}],"version-history":[{"count":2,"href":"https:\/\/www.facyt.uc.edu.ve\/web\/wp-json\/wp\/v2\/pages\/2154\/revisions"}],"predecessor-version":[{"id":2156,"href":"https:\/\/www.facyt.uc.edu.ve\/web\/wp-json\/wp\/v2\/pages\/2154\/revisions\/2156"}],"up":[{"embeddable":true,"href":"https:\/\/www.facyt.uc.edu.ve\/web\/wp-json\/wp\/v2\/pages\/536"}],"wp:attachment":[{"href":"https:\/\/www.facyt.uc.edu.ve\/web\/wp-json\/wp\/v2\/media?parent=2154"}],"curies":[{"name":"wp","href":"https:\/\/api.w.org\/{rel}","templated":true}]}}