{"id":1549,"date":"2021-12-14T12:11:09","date_gmt":"2021-12-14T16:11:09","guid":{"rendered":"http:\/\/vps1.facyt.uc.edu.ve\/web\/?page_id=1549"},"modified":"2021-12-14T12:23:36","modified_gmt":"2021-12-14T16:23:36","slug":"expocarreras-y-ferias-de-ciencias-en-liceos-de-valencia-mayo-2016","status":"publish","type":"page","link":"https:\/\/www.facyt.uc.edu.ve\/web\/eventos\/expocarreras-y-ferias-de-ciencias-en-liceos-de-valencia-mayo-2016\/","title":{"rendered":"ExpoCarreras y Ferias de Ciencias en Liceos de Valencia Mayo 2016"},"content":{"rendered":"<div class=\"wpb-content-wrapper\"><p>[vc_row][vc_column][vc_column_text]En el mes de Mayo, la comunidad de la FACYT contin\u00faa con el Proyecto de Extensi\u00f3n \u201cFerias de Ciencias\u201d y el Programa de Servicio Comunitario de \u201cCentros de Ciencias\u201d, mediante los cuales se desean promover y desarrollar la atenci\u00f3n por las ciencias naturales y la tecnolog\u00eda en los j\u00f3venes de la regi\u00f3n Carabobe\u00f1a.<br \/>\nEn el trascurso del mes (mayo 2016), docentes de los cinco Departamentos de la FACYT atendieron a 3 comunidades educativas del territorio carabobe\u00f1o. El 11 de mayo visitamos el colegio Cirilo Alberto en la Urb. El Trigal, con la asistencia aproximadamente de 300 estudiantes. El 25 de mayo se realiz\u00f3 la visita a la Unidad Educativa \u201cNuestra Se\u00f1ora de la Bego\u00f1a\u201d ubicado en la calle 188 de la Urb. Tarapio con una asistencia aproximada de 200 estudiantes.<\/p>\n<p>La movilizaci\u00f3n de los participantes cont\u00f3 con el valioso apoyo de unidades de Transcarabobo.[\/vc_column_text][vc_images_carousel images=\u00bb1552,1553,1554,1555,1556,1557,1558,1559,1561,1560,1562,1563,1564,1566,1565&#8243; img_size=\u00bbfull\u00bb autoplay=\u00bbyes\u00bb hide_pagination_control=\u00bbyes\u00bb hide_prev_next_buttons=\u00bbyes\u00bb][\/vc_column][\/vc_row]<\/p>\n<\/div>","protected":false},"excerpt":{"rendered":"<p>[vc_row][vc_column][vc_column_text]En el mes de Mayo, la comunidad de la FACYT contin\u00faa con el Proyecto de Extensi\u00f3n \u201cFerias de Ciencias\u201d y el Programa de Servicio Comunitario de \u201cCentros de Ciencias\u201d, mediante los cuales se desean promover y desarrollar la atenci\u00f3n por las ciencias naturales y la tecnolog\u00eda en los j\u00f3venes de la regi\u00f3n Carabobe\u00f1a. En el&hellip;<\/p>\n","protected":false},"author":5,"featured_media":0,"parent":522,"menu_order":0,"comment_status":"closed","ping_status":"closed","template":"","meta":{"footnotes":""},"class_list":["post-1549","page","type-page","status-publish","hentry"],"yoast_head":"<!-- This site is optimized with the Yoast SEO plugin v27.1.1 - https:\/\/yoast.com\/product\/yoast-seo-wordpress\/ -->\n<title>ExpoCarreras y Ferias de Ciencias en Liceos de Valencia Mayo 2016 - Facultad Experimental de Ciencias y Tecnolog\u00eda<\/title>\n<meta name=\"robots\" content=\"index, follow, max-snippet:-1, max-image-preview:large, max-video-preview:-1\" \/>\n<link rel=\"canonical\" href=\"https:\/\/www.facyt.uc.edu.ve\/web\/eventos\/expocarreras-y-ferias-de-ciencias-en-liceos-de-valencia-mayo-2016\/\" \/>\n<meta property=\"og:locale\" content=\"es_ES\" \/>\n<meta property=\"og:type\" content=\"article\" \/>\n<meta property=\"og:title\" content=\"ExpoCarreras y Ferias de Ciencias en Liceos de Valencia Mayo 2016 - Facultad Experimental de Ciencias y Tecnolog\u00eda\" \/>\n<meta property=\"og:description\" content=\"[vc_row][vc_column][vc_column_text]En el mes de Mayo, la comunidad de la FACYT contin\u00faa con el Proyecto de Extensi\u00f3n \u201cFerias de Ciencias\u201d y el Programa de Servicio Comunitario de \u201cCentros de Ciencias\u201d, mediante los cuales se desean promover y desarrollar la atenci\u00f3n por las ciencias naturales y la tecnolog\u00eda en los j\u00f3venes de la regi\u00f3n Carabobe\u00f1a. En el&hellip;\" \/>\n<meta property=\"og:url\" content=\"https:\/\/www.facyt.uc.edu.ve\/web\/eventos\/expocarreras-y-ferias-de-ciencias-en-liceos-de-valencia-mayo-2016\/\" \/>\n<meta property=\"og:site_name\" content=\"Facultad Experimental de Ciencias y Tecnolog\u00eda\" \/>\n<meta property=\"article:modified_time\" content=\"2021-12-14T16:23:36+00:00\" \/>\n<meta name=\"twitter:card\" content=\"summary_large_image\" \/>\n<meta name=\"twitter:label1\" content=\"Tiempo estimado de lectura\" \/>\n\t<meta name=\"twitter:data1\" content=\"1 minuto\" \/>\n<script type=\"application\/ld+json\" class=\"yoast-schema-graph\">{\"@context\":\"https:\/\/schema.org\",\"@graph\":[{\"@type\":\"WebPage\",\"@id\":\"https:\/\/www.facyt.uc.edu.ve\/web\/eventos\/expocarreras-y-ferias-de-ciencias-en-liceos-de-valencia-mayo-2016\/\",\"url\":\"https:\/\/www.facyt.uc.edu.ve\/web\/eventos\/expocarreras-y-ferias-de-ciencias-en-liceos-de-valencia-mayo-2016\/\",\"name\":\"ExpoCarreras y Ferias de Ciencias en Liceos de Valencia Mayo 2016 - Facultad Experimental de Ciencias y Tecnolog\u00eda\",\"isPartOf\":{\"@id\":\"https:\/\/www.facyt.uc.edu.ve\/web\/#website\"},\"datePublished\":\"2021-12-14T16:11:09+00:00\",\"dateModified\":\"2021-12-14T16:23:36+00:00\",\"breadcrumb\":{\"@id\":\"https:\/\/www.facyt.uc.edu.ve\/web\/eventos\/expocarreras-y-ferias-de-ciencias-en-liceos-de-valencia-mayo-2016\/#breadcrumb\"},\"inLanguage\":\"es\",\"potentialAction\":[{\"@type\":\"ReadAction\",\"target\":[\"https:\/\/www.facyt.uc.edu.ve\/web\/eventos\/expocarreras-y-ferias-de-ciencias-en-liceos-de-valencia-mayo-2016\/\"]}]},{\"@type\":\"BreadcrumbList\",\"@id\":\"https:\/\/www.facyt.uc.edu.ve\/web\/eventos\/expocarreras-y-ferias-de-ciencias-en-liceos-de-valencia-mayo-2016\/#breadcrumb\",\"itemListElement\":[{\"@type\":\"ListItem\",\"position\":1,\"name\":\"Portada\",\"item\":\"https:\/\/www.facyt.uc.edu.ve\/web\/\"},{\"@type\":\"ListItem\",\"position\":2,\"name\":\"Eventos\",\"item\":\"https:\/\/www.facyt.uc.edu.ve\/web\/eventos\/\"},{\"@type\":\"ListItem\",\"position\":3,\"name\":\"ExpoCarreras y Ferias de Ciencias en Liceos de Valencia Mayo 2016\"}]},{\"@type\":\"WebSite\",\"@id\":\"https:\/\/www.facyt.uc.edu.ve\/web\/#website\",\"url\":\"https:\/\/www.facyt.uc.edu.ve\/web\/\",\"name\":\"Facultad Experimental de Ciencias y Tecnolog\u00eda\",\"description\":\"FaCyT UC\",\"publisher\":{\"@id\":\"https:\/\/www.facyt.uc.edu.ve\/web\/#organization\"},\"alternateName\":\"FaCyT\",\"potentialAction\":[{\"@type\":\"SearchAction\",\"target\":{\"@type\":\"EntryPoint\",\"urlTemplate\":\"https:\/\/www.facyt.uc.edu.ve\/web\/?s={search_term_string}\"},\"query-input\":{\"@type\":\"PropertyValueSpecification\",\"valueRequired\":true,\"valueName\":\"search_term_string\"}}],\"inLanguage\":\"es\"},{\"@type\":\"Organization\",\"@id\":\"https:\/\/www.facyt.uc.edu.ve\/web\/#organization\",\"name\":\"Facultad Experimental de Ciencias y Tecnolog\u00eda\",\"url\":\"https:\/\/www.facyt.uc.edu.ve\/web\/\",\"logo\":{\"@type\":\"ImageObject\",\"inLanguage\":\"es\",\"@id\":\"https:\/\/www.facyt.uc.edu.ve\/web\/#\/schema\/logo\/image\/\",\"url\":\"https:\/\/www.facyt.uc.edu.ve\/web\/wp-content\/uploads\/2025\/11\/Logo_de_la_Facultad_Experimental_de_Ciencia_y_Tecnologia-scaled.jpg\",\"contentUrl\":\"https:\/\/www.facyt.uc.edu.ve\/web\/wp-content\/uploads\/2025\/11\/Logo_de_la_Facultad_Experimental_de_Ciencia_y_Tecnologia-scaled.jpg\",\"width\":2560,\"height\":2560,\"caption\":\"Facultad Experimental de Ciencias y Tecnolog\u00eda\"},\"image\":{\"@id\":\"https:\/\/www.facyt.uc.edu.ve\/web\/#\/schema\/logo\/image\/\"},\"sameAs\":[\"https:\/\/instagram.com\/facytuc.oficial\/yoast\"]}]}<\/script>\n<!-- \/ Yoast SEO plugin. -->","yoast_head_json":{"title":"ExpoCarreras y Ferias de Ciencias en Liceos de Valencia Mayo 2016 - Facultad Experimental de Ciencias y Tecnolog\u00eda","robots":{"index":"index","follow":"follow","max-snippet":"max-snippet:-1","max-image-preview":"max-image-preview:large","max-video-preview":"max-video-preview:-1"},"canonical":"https:\/\/www.facyt.uc.edu.ve\/web\/eventos\/expocarreras-y-ferias-de-ciencias-en-liceos-de-valencia-mayo-2016\/","og_locale":"es_ES","og_type":"article","og_title":"ExpoCarreras y Ferias de Ciencias en Liceos de Valencia Mayo 2016 - Facultad Experimental de Ciencias y Tecnolog\u00eda","og_description":"[vc_row][vc_column][vc_column_text]En el mes de Mayo, la comunidad de la FACYT contin\u00faa con el Proyecto de Extensi\u00f3n \u201cFerias de Ciencias\u201d y el Programa de Servicio Comunitario de \u201cCentros de Ciencias\u201d, mediante los cuales se desean promover y desarrollar la atenci\u00f3n por las ciencias naturales y la tecnolog\u00eda en los j\u00f3venes de la regi\u00f3n Carabobe\u00f1a. En el&hellip;","og_url":"https:\/\/www.facyt.uc.edu.ve\/web\/eventos\/expocarreras-y-ferias-de-ciencias-en-liceos-de-valencia-mayo-2016\/","og_site_name":"Facultad Experimental de Ciencias y Tecnolog\u00eda","article_modified_time":"2021-12-14T16:23:36+00:00","twitter_card":"summary_large_image","twitter_misc":{"Tiempo estimado de lectura":"1 minuto"},"schema":{"@context":"https:\/\/schema.org","@graph":[{"@type":"WebPage","@id":"https:\/\/www.facyt.uc.edu.ve\/web\/eventos\/expocarreras-y-ferias-de-ciencias-en-liceos-de-valencia-mayo-2016\/","url":"https:\/\/www.facyt.uc.edu.ve\/web\/eventos\/expocarreras-y-ferias-de-ciencias-en-liceos-de-valencia-mayo-2016\/","name":"ExpoCarreras y Ferias de Ciencias en Liceos de Valencia Mayo 2016 - Facultad Experimental de Ciencias y Tecnolog\u00eda","isPartOf":{"@id":"https:\/\/www.facyt.uc.edu.ve\/web\/#website"},"datePublished":"2021-12-14T16:11:09+00:00","dateModified":"2021-12-14T16:23:36+00:00","breadcrumb":{"@id":"https:\/\/www.facyt.uc.edu.ve\/web\/eventos\/expocarreras-y-ferias-de-ciencias-en-liceos-de-valencia-mayo-2016\/#breadcrumb"},"inLanguage":"es","potentialAction":[{"@type":"ReadAction","target":["https:\/\/www.facyt.uc.edu.ve\/web\/eventos\/expocarreras-y-ferias-de-ciencias-en-liceos-de-valencia-mayo-2016\/"]}]},{"@type":"BreadcrumbList","@id":"https:\/\/www.facyt.uc.edu.ve\/web\/eventos\/expocarreras-y-ferias-de-ciencias-en-liceos-de-valencia-mayo-2016\/#breadcrumb","itemListElement":[{"@type":"ListItem","position":1,"name":"Portada","item":"https:\/\/www.facyt.uc.edu.ve\/web\/"},{"@type":"ListItem","position":2,"name":"Eventos","item":"https:\/\/www.facyt.uc.edu.ve\/web\/eventos\/"},{"@type":"ListItem","position":3,"name":"ExpoCarreras y Ferias de Ciencias en Liceos de Valencia Mayo 2016"}]},{"@type":"WebSite","@id":"https:\/\/www.facyt.uc.edu.ve\/web\/#website","url":"https:\/\/www.facyt.uc.edu.ve\/web\/","name":"Facultad Experimental de Ciencias y Tecnolog\u00eda","description":"FaCyT UC","publisher":{"@id":"https:\/\/www.facyt.uc.edu.ve\/web\/#organization"},"alternateName":"FaCyT","potentialAction":[{"@type":"SearchAction","target":{"@type":"EntryPoint","urlTemplate":"https:\/\/www.facyt.uc.edu.ve\/web\/?s={search_term_string}"},"query-input":{"@type":"PropertyValueSpecification","valueRequired":true,"valueName":"search_term_string"}}],"inLanguage":"es"},{"@type":"Organization","@id":"https:\/\/www.facyt.uc.edu.ve\/web\/#organization","name":"Facultad Experimental de Ciencias y Tecnolog\u00eda","url":"https:\/\/www.facyt.uc.edu.ve\/web\/","logo":{"@type":"ImageObject","inLanguage":"es","@id":"https:\/\/www.facyt.uc.edu.ve\/web\/#\/schema\/logo\/image\/","url":"https:\/\/www.facyt.uc.edu.ve\/web\/wp-content\/uploads\/2025\/11\/Logo_de_la_Facultad_Experimental_de_Ciencia_y_Tecnologia-scaled.jpg","contentUrl":"https:\/\/www.facyt.uc.edu.ve\/web\/wp-content\/uploads\/2025\/11\/Logo_de_la_Facultad_Experimental_de_Ciencia_y_Tecnologia-scaled.jpg","width":2560,"height":2560,"caption":"Facultad Experimental de Ciencias y Tecnolog\u00eda"},"image":{"@id":"https:\/\/www.facyt.uc.edu.ve\/web\/#\/schema\/logo\/image\/"},"sameAs":["https:\/\/instagram.com\/facytuc.oficial\/yoast"]}]}},"_links":{"self":[{"href":"https:\/\/www.facyt.uc.edu.ve\/web\/wp-json\/wp\/v2\/pages\/1549","targetHints":{"allow":["GET"]}}],"collection":[{"href":"https:\/\/www.facyt.uc.edu.ve\/web\/wp-json\/wp\/v2\/pages"}],"about":[{"href":"https:\/\/www.facyt.uc.edu.ve\/web\/wp-json\/wp\/v2\/types\/page"}],"author":[{"embeddable":true,"href":"https:\/\/www.facyt.uc.edu.ve\/web\/wp-json\/wp\/v2\/users\/5"}],"replies":[{"embeddable":true,"href":"https:\/\/www.facyt.uc.edu.ve\/web\/wp-json\/wp\/v2\/comments?post=1549"}],"version-history":[{"count":3,"href":"https:\/\/www.facyt.uc.edu.ve\/web\/wp-json\/wp\/v2\/pages\/1549\/revisions"}],"predecessor-version":[{"id":1567,"href":"https:\/\/www.facyt.uc.edu.ve\/web\/wp-json\/wp\/v2\/pages\/1549\/revisions\/1567"}],"up":[{"embeddable":true,"href":"https:\/\/www.facyt.uc.edu.ve\/web\/wp-json\/wp\/v2\/pages\/522"}],"wp:attachment":[{"href":"https:\/\/www.facyt.uc.edu.ve\/web\/wp-json\/wp\/v2\/media?parent=1549"}],"curies":[{"name":"wp","href":"https:\/\/api.w.org\/{rel}","templated":true}]}}